 List the prime factors of v.
2, 3
Suppose -4*y = -3*y - 7. Suppose 3*i - y*i - 24 = 0. What are the prime factors of ((-28)/i)/((-6)/(-9))?
7
Suppose 6*a - 8 = 4*a. Suppose 6 = -2*w + a*w. What are the prime factors of (2/w)/(1/6)?
2
Suppose 3*q + d - 6 = 4, 0 = -2*q - 4*d + 10. Suppose 0 = -2*o + q*o. Suppose 4*v + v - 15 = o. List the prime factors of v.
3
What are the prime factors of 272 - (-4 + 2)/((-16)/(-24))?
5, 11
Suppose 0 = 9*v + 10*v - 589. List the prime factors of v.
31
Let i(m) = -m**3 + 8*m**2 + 2*m - 9. Let v be i(8). Let o(p) = 2*p - 4. List the prime factors of o(v).
2, 5
Let j(k) = -k**3 - 3*k**2 + 4*k + 5. What are the prime factors of j(-4)?
5
Suppose 3*n - n = 5*f - 547, 0 = 4*f + 5*n - 431. List the prime factors of f.
109
Let t = 8 - 3. Let a(n) = n**3 - 4*n**2 - 6*n - 2. Let z be a(t). Let x = -4 - z. List the prime factors of x.
3
Let h = 49 + -35. List the prime factors of h.
2, 7
Suppose 3 - 7 = i. What are the prime factors of i/((-1 - 1)/8)?
2
Let t be 2/(-7)*126/(-9). List the prime factors of (9 - t)/(2 + -1).
5
Let b(a) = 23*a - 8. List the prime factors of b(11).
5, 7
Let d(u) = -4*u**2 + u - 1. Let l be d(1). Let i = 4 - l. What are the prime factors of (i/(-5))/((-6)/45)?
2, 3
Let m = 19 - 34. Let v(t) = t**3 - 2*t**2 - t. Let p be v(2). List the prime factors of (m/(-4))/(p/(-8)).
3, 5
Let t = -6 + 5. Let u = 4 - t. What are the prime factors of u?
5
Let k(d) be the first derivative of -d**4/4 - 4*d**3/3 + 3*d**2/2 - d - 5. List the prime factors of k(-5).
3
Let o = 2 - -1. Suppose -4*w - o*c = 7 - 44, -19 = -w - 4*c. What are the prime factors of w?
7
Suppose -2*p + 2 = 0, 169 = 4*g + g + 4*p. List the prime factors of g.
3, 11
What are the prime factors of -29*(5 + -12) + 4?
3, 23
What are the prime factors of (-24)/8 - (-96)/2?
3, 5
List the prime factors of 54 - (-5)/(-10)*6.
3, 17
Suppose 20*z + 184 = 22*z. List the prime factors of z.
2, 23
Let h(j) = 29*j + 22. List the prime factors of h(3).
109
Suppose r = 2*s - 23, 3*r - 2*s - 2*s + 69 = 0. Let m = r + 32. What are the prime factors of m?
3
Let d(o) = -29*o**3 + o. What are the prime factors of d(-1)?
2, 7
Let h(k) = 5*k**2 - 2*k - 2. Let t be h(-2). Let l = t - 10. What are the prime factors of l?
2, 3
Let m be 1 + -3 + (-1 - 4). Let q(r) = r + 11. List the prime factors of q(m).
2
Suppose 2*g = 3*g - 42. Let r = g - 23. List the prime factors of r.
19
Let l(k) = k**3 + 9*k**2 - 5*k - 11. What are the prime factors of l(-8)?
3, 31
Let w be (24/4)/((-1)/(-4)). Let b be 2*3/(-6)*-4. Suppose -b*z + z = -w. List the prime factors of z.
2
Let r be (-1)/3 - 28/(-21). Suppose -12 = y + 3*y. Let s = r - y. What are the prime factors of s?
2
List the prime factors of (-254)/(-12) + 10/(-60).
3, 7
Suppose 0 = 4*d + 11 - 179. What are the prime factors of d?
2, 3, 7
Let t = 77 - -154. List the prime factors of t.
3, 7, 11
Let y = 483 + -177. List the prime factors of y.
2, 3, 17
Suppose 12*l + 130 = 14*l. List the prime factors of l.
5, 13
List the prime factors of ((496/24)/(-1))/((-2)/15).
5, 31
Let m(o) = 3*o + 21. Let c(v) = -v**3 - 3*v**2 + v - 3. Let w be c(-4). List the prime factors of m(w).
2, 3
Suppose -4*s + 104 = 3*n + s, 4*n = -s + 150. What are the prime factors of n?
2, 19
Let i(f) = 2*f - 3*f + 207 - 155. List the prime factors of i(0).
2, 13
Suppose -4*j + 0*j = 12. Let p = 16 - j. What are the prime factors of p?
19
Let v(i) = -i + 19. Let j(h) = 2*h - 39. Let k(n) = -4*j(n) - 9*v(n). Let m be k(0). What are the prime factors of (12/(-10))/(6/m)?
3
Suppose 2 = -f, 0 = -2*c + 4*c + 2*f + 2. What are the prime factors of (c - (-15)/6)*6?
3, 7
Suppose 2*m + 98 = 5*z, 5*m - 6*m = -3*z + 59. Suppose -z = -11*o + 6*o. Suppose -o*n - 4*h = -28, h + 7 = n + 4*h. List the prime factors of n.
7
Let q = 0 + -2. Let u = -6 + 10. Let h = q + u. What are the prime factors of h?
2
Let q(k) = 2*k. Let w be q(8). Suppose -2*b + w + 2 = 0. Suppose 5*x - 4*j - 65 = -b*j, -3*x + j + 19 = 0. What are the prime factors of x?
2
Let q(l) = -7*l**3 + 2*l**2 - 1. Let f be q(1). Let c = f + 10. Suppose u + c + 2 = 3*v, 0 = 2*u + v - 9. List the prime factors of u.
3
Let u(s) = s - 10. Let k be u(8). Let b = k + 23. What are the prime factors of b?
3, 7
Suppose 4 - 2 = y. Suppose -3*d + 4*g = -y*d - 35, 4*d - 88 = 3*g. List the prime factors of d.
19
Suppose -2*d - 6 = -0*d - 4*a, -5*a + 21 = 2*d. Suppose -3*y - 5*k = -24, 32 = -y + d*y - 2*k. List the prime factors of y.
13
Let f(v) = v**3 + 8*v**2 - 3*v - 17. What are the prime factors of f(5)?
293
Let d be 2/3*(-30)/(-4). Let i = 10 - d. Suppose 2*t + 3*q = 15, 3*q - 6 = i*t - 33. List the prime factors of t.
2, 3
Let o = 23 + -9. Let n = -22 + o. What are the prime factors of (n/(-10))/(12/150)?
2, 5
Suppose -f + 22 = 3*a, -f + 19 = a + 3*a. Suppose 0 = 4*o + f - 183. List the prime factors of o.
2, 19
Let t(z) = 2*z + 3. Let v be t(3). What are the prime factors of (-7)/((-21)/6)*v?
2, 3
Suppose 5*f + t = -2*t + 30, -4*f = 5*t - 37. Suppose -s + 40 = 3*s - 2*k, 0 = -3*s + f*k + 36. List the prime factors of s.
2
Suppose -2*p + 5 = -5*b, -p + 8*b = 3*b. Suppose 2*a = p*a - 57. List the prime factors of a.
19
Let i = -46 + 83. What are the prime factors of i?
37
Let g(r) = r**2 + r + 2. Let a be (-2)/8 + 39/12. What are the prime factors of g(a)?
2, 7
Suppose 3*u - 31 = 2*c - 0*u, -2*c - u = 11. Suppose 55 + 10 = -5*g. Let b = c - g. List the prime factors of b.
5
Suppose -2*y + a = 5*a - 92, -y = 4*a - 52. What are the prime factors of y?
2, 5
Let d = 0 + 0. Suppose 18 = 2*w - d*w. Let b = -7 + w. List the prime factors of b.
2
Let b(t) = t**3 + 8*t**2 - 8*t + 9. Let c be b(-9). Suppose 2 = z - c*z. Suppose -3*s = -z*f - 20, -5 = -s + f + 2. What are the prime factors of s?
2, 3
Let r = 478 + -275. What are the prime factors of r?
7, 29
Let p(f) = 2*f**3 + 13*f**2 - 14*f + 5. Let h(l) = 3*l**3 + 14*l**2 - 15*l + 5. Let m(r) = 3*h(r) - 4*p(r). What are the prime factors of m(9)?
13
Let o(a) = 2*a + 13. Let y(i) = -i - 12. Let k(r) = 3*o(r) + 4*y(r). Let b be 24/2*4/8. List the prime factors of k(b).
3
Suppose -5*q + 3*q = 28. Let v = q + 40. What are the prime factors of v?
2, 13
Let q = -6 + 10. List the prime factors of 5 - q/((-4)/3).
2
Suppose -2*v + 88 = 6*v. List the prime factors of v.
11
Let k(g) = 3*g**2 + 3*g + 1. Suppose -4*m = 37 + 3. Let u be (4/(-10))/((-2)/m). What are the prime factors of k(u)?
7
Let x be (1 - 2) + (2 - 1). Let y = x - -2. List the prime factors of y/(-2) - (1 - 23).
3, 7
Let z be ((-4)/(-12))/(2/6). Let i be 3 + -2 + z + 2. Suppose 0 = 3*n + 4*c + 6, c - 4*c = i*n + 1. List the prime factors of n.
2
Suppose -7 = -5*s + 8. Let p be ((-2)/4)/(s/(-18)). Suppose -p*g - 3*o + 15 = 0, 0*g + 3*g + 5*o = 19. List the prime factors of g.
3
What are the prime factors of 15/(-20) + (-182)/(-8)?
2, 11
Let j = 4 - 0. Suppose 4*p - 4*m = 124, 4*m - 152 = -j*p + 12. What are the prime factors of p?
2, 3
Let g(a) = a**3 - 12*a**2 + 3*a. Let b be (-3 - 68/(-20))*30. What are the prime factors of g(b)?
2, 3
Suppose -5*i + 189 = 3*s + 30, -s - 2*i + 54 = 0. List the prime factors of s.
2, 3
Let c be (-20)/(-9) - (-2)/(-9). Suppose c - 33 = p. What are the prime factors of p/(-3) - (-6)/9?
11
Let a(z) = 4*z + 4*z**2 + 3 - 2 - 3*z. List the prime factors of a(2).
19
Let q(c) = c**2 + 9*c + 44. List the prime factors of q(-13).
2, 3
Let t = 1 + 7. Suppose -m = -t - 15. Let u = m - 16. What are the prime factors of u?
7
Let b(m) = -5*m + 1. Suppose 2*v = 2*h + 10, -h + 2*v = -5*h - 8. What are the prime factors of b(h)?
2
Let p(l) = -11*l**2 - 2*l + 2. Let g be p(-2). Let u be 2 + (-3)/6*g. Let z = u + -13. List the prime factors of z.
2
Suppose 4 + 156 = 4*x. What are the prime factors of x?
2, 5
Let y be (-888)/9*6/4. List the prime factors of 6/(-9) + y/(-6).
2, 3
Let b(g) = -g**2 + 3*g + 2. Let v be b(4). What are the prime factors of (16/12)/(v/(-18))?
2, 3
Let y be 132/30 - (-4)/(-10). Suppose 0 = -0*v + y*v - 20. What are the prime factors of v?
5
Suppose -5*h + 4*n - 2 = n, 5*n - 20 = 0. List the prime factors of h - (-1 - (3 + -3)).
3
Suppose 2*r - 18 - 7 = -x, 0 = -r + 4*x + 35. Let f be (2*-1)/((-5)/r). What are the prime factors of f - (1 + -2 - 0)?
7
Let o = 4 + -4. Suppose l + 4*l =